-12?
101000
In base 11, what is -1 - -4286a?
42869
In base 15, what is -2ba1 - 3?
-2ba4
In base 2, what is 100110 + 1101000011111110?
1101000100100100
In base 16, what is e + 2e?
3c
In base 2, what is 1010101110101000 - -1011?
1010101110110011
In base 15, what is acb7 + -2?
acb5
In base 16, what is c9bb5 + 1?
c9bb6
In base 8, what is -5014 - -40?
-4754
In base 4, what is -2032 - 201?
-2233
In base 11, what is -203 - 129?
-331
In base 4, what is 2033230213 + -10?
2033230203
In base 10, what is -16 + -20648?
-20664
In base 3, what is 22 + 102000?
102022
In base 16, what is 8 + -7fb?
-7f3
In base 6, what is -1441 + 11345?
5504
In base 6, what is -2150 - -324?
-1422
In base 13, what is -26c8 + -15?
-2710
In base 15, what is -6e - -80?
11
In base 8, what is -371 - 4?
-375
In base 10, what is 5014 - -10?
5024
In base 12, what is -111183 + 0?
-111183
In base 9, what is 18 + 803?
822
In base 14, what is 776c92 - 4?
776c8c
In base 7, what is 11533330 + 1?
11533331
In base 11, what is -6480 + -3?
-6483
In base 4, what is -3302 - 22121?
-32023
In base 16, what is -9b + c8?
2d
In base 3, what is -1021011 - 100200?
-1121211
In base 3, what is -1 - -21212222000?
21212221222
In base 10, what is -30 - -1660?
1630
In base 14, what is cb4581 + -3?
cb457c
In base 15, what is -908 + -6?
-90e
In base 16, what is 22419 - -20?
22439
In base 4, what is -1 + -232033223?
-232033230
In base 12, what is 7 - -87609?
87614
In base 9, what is 6426 - 4?
6422
In base 7, what is -54 - -530323?
530236
In base 16, what is -36 - -556?
520
In base 6, what is 1 - -521401?
521402
In base 2, what is 10110010 + -100001011?
-1011001
In base 15, what is -2 + -29eaa?
-29eac
In base 8, what is 316706 - 4?
316702
In base 5, what is 24 - -123311?
123340
In base 12, what is 25 + 380b?
3834
In base 11, what is -12602 + -7?
-12609
In base 3, what is -1112 + 201120210?
201112021
In base 10, what is -3 + 55888?
55885
In base 8, what is 3343 + 12?
3355
In base 8, what is 110533 - 4?
110527
In base 10, what is 511 - 109?
402
In base 4, what is -110332 - 10100?
-121032
In base 10, what is -16037 + 16?
-16021
In base 10, what is -4 + -30961?
-30965
In base 10, what is -86925 + 4?
-86921
In base 10, what is 5364 + -11?
5353
In base 10, what is 117688 + -1?
117687
In base 6, what is -2100341 + 2?
-2100335
In base 5, what is -131 - -221?
40
In base 16, what is -35 + -1866?
-189b
In base 5, what is -11320 + -14?
-11334
In base 9, what is 5 - -64484?
64500
In base 8, what is 107676 + 1?
107677
In base 16, what is -233a + c?
-232e
In base 8, what is -12 + -7430?
-7442
In base 4, what is 23 + 332001002?
332001031
In base 6, what is 1253201 - -4?
1253205
In base 6, what is 2142 - 234?
1504
In base 8, what is 30506 + 0?
30506
In base 16, what is 2 - -5068?
506a
In base 12, what is -2516a + 3?
-25167
In base 6, what is -453 + -20023?
-20520
In base 13, what is -84 + -13636?
-136ba
In base 12, what is -2 + -3705a9?
-3705ab
In base 16, what is -2 + -5f6e7?
-5f6e9
In base 6, what is -1 + -353325?
-353330
In base 16, what is -2695f + -3?
-26962
In base 10, what is -29300 - 1?
-29301
In base 16, what is 0 - -1026?
1026
In base 2, what is -100101110111101 - 100?
-100101111000001
In base 10, what is -55120 - -1?
-55119
In base 15, what is -5b8d6 - 6?
-5b8dc
In base 14, what is 12b5 - 1b?
1298
In base 9, what is 208 + 8037?
8246
In base 4, what is -11202112 + -11?
-11202123
In base 4, what is -10230330 + -1000?
-10231330
In base 9, what is -8367 + -21?
-8388
In base 14, what is -4a748 + -1?
-4a749
In base 6, what is 5 - -302435?
302444
In base 4, what is -232313 + 13?
-232300
In base 6, what is -32 + 12545?
12513
In base 12, what is 205 - -33?
238
In base 7, what is -2226 + 35?
-2161
In base 9, what is 558382 - -2?
558384
In base 14, what is -2a - 190?
-1ba
In base 14, what is -20 - -212?
1d2
In base 10, what is 1 + 82029?
82030
In base 11, what is 22347 + -3?
22344
In base 13, what is c + -18c?
-180
In base 14, what is 43 + 2303?
2346
In base 4, what is 13 + 110110103?
110110122
In base 8, what is -13025 + -30?
-13055
In base 6, what is -2115423 + 0?
-2115423
In base 14, what is -270 + 2c27?
2997
In base 8, what is 4 + 114356?
114362
In base 6, what is 1524 - -100?
2024
In base 16, what is -13a + -195?
-2cf
In base 10, what is -26 + 9771?
9745
In base 7, what is -20001 - -5?
-16663
In base 14, what is 21a1 + 9?
21aa
In base 7, what is -1504653 - -5?
-1504645
In base 9, what is -10420 - 1?
-10421
In base 2, what is -10111000 + -10111010?
-101110010
In base 14, what is -2 - 13342?
-13344
In base 12, what is 1 - -9117?
9118
In base 12, what is -3938 + -253?
-3b8b
In base 8, what is 55246 - -150?
55416
In base 14, what is 3 + -1860cc?
-1860c9
In base 11, what is 389 - -16?
3a4
In base 4, what is 2111 + -111110?
-102333
In base 9, what is -10550 + -1?
-10551
In base 2, what is 100000100101 + -10000111?
11110011110
In base 4, what is -12 - 13220232?
-13220310
In base 10, what is -479 + 804?
325
In base 14, what is 88621 + 2?
88623
In base 10, what is 40659 - -30?
40689
In base 16, what is -3e0 - 558?
-938
In base 9, what is 211 + -24742?
-24531
In base 10, what is -50 - 1237?
-1287
In base 7, what is 12 + 15350?
15362
In base 2, what is 11001111000110 - 1110010?
11001101010100
In base 2, what is -10111111000011011000 + -1?
-10111111000011011001
In base 3, what is -11 - 212102000?
-212102011
In base 16, what is 4d - 303f?
-2ff2
In base 5, what is 133 + -110114?
-104431
In base 5, what is 2103 - 32?
2021
In base 2, what is 101 - -110100100100010111?
110100100100011100
In base 8, what is 711 + 36?
747
In base 11, what is 7 + -92a0?
-9294
In base 9, what is 12 - 51243?
-51231
In base 10, what is -28 - 192474?
-192502
In base 11, what is -2156 + -168?
-2313
In base 8, what is 17 - 1017?
-1000
In base 12, what is -1 + -7458?
-7459
In base 6, what is 23 + 2023?
2050
In base 16, what is 3e - -885?
8c3
In base 14, what is 2 - 1533?
-1531
In base 12, what is -20367 - 2?
-20369
In base 11, what is 3a334 + -26?
3a309
In base 6, what is -1 + 510221?
510220
In base 6, what is -1043 + 122?
-521
In base 6, what is -333 + 3444?
3111
In base 2, what is 1 + -11011010110110000?
-11011010110101111
In base 10, what is 6 - 9703?
-9697
In base 7, what is 410 + 24550?
25260
In base 3, what is -12 - 12212210011?
-12212210100
In base 12, what is -3 - 1889b?
-188a2
In base 14, what is -3 - -1b35b?
1b358
In base 13, what is 3 - 13532?
-1352c
In base 10, what is -427 - -915?
488
In base 12, what is -26 - 1213?
-1239
In base 10, what is 76380 - -24?
76404
In base 6, what is -233 + 425?
152
In base 3, what is -1002212212202 - 11?
-1002212212220
In base 7, what is 22 - 43653?
-43631
In base 12, what is 47 - -1507?
1552
In base 15, what is -5 + 2b37?
2b32
In base 10, what is 44778 + -2?
44776
In base 16, what is -244 - -dd8?
b94
In base 9, what is -2 + 31713?
31711
In base 4, what is 1 - -3303001?
3303002
In base 14, what is -32d3 + -5?
-32d8
In base 7, what is -3 - -1453261?
1453255
In base 14, what is -a + -487?
-493
In base 12, what is 107a2 - 2?
107a0
In base 15, what is 2aa - -24?
2ce
In base 16, what is -8c + ef?
63
In base 12, what is 18 - -583a?
5856
In base 13, what is 55 - -520?
575
In base 2, what is -1101010011000010 - 1?
-1101010011000011
In base 10, what is -14 - 5129?
-5143
In base 7, what is 1256 + -326?
630
In base 16, what is -7b00 + -1?
-7b01
In base 15, what is 10 + b045?
b055
In base 14, what is 1b388 + -19?
1b36d
In base 4, what is -2003 + 20112?
12103
In base 6, what is 1 + 3103?
3104
In base 3, what is -2120210 + 1010?
-2112200
In base 8, what is -2 - -4027?
4025
In base 15, what is 3 - b480?
-b47c
In base 11, what is 4169a9 + -3?
4169a6
In base 3, what is -100 - -122220221?
122220121
In base 16, what is -4 + -21d7d?
-21d81
In base 6, what is -455014 + 4?
-455010
In base 10, what is -714 - 1269?
-1983
In base 6, what is -4 - 4213?
-4221
In base 12, what is -1 - a20a?
-a20b
In base 15, what is -168e1 + -4?
-168e5
In base 16, what is -d - 4392?
-439f
In base 14, what is 5 - -4079?
4080
In base 8, what is 1253 - 761?
272
In base 12, what is -6210b - -2?
-62109
In base 13, what is 427 + -48b?
-64
In base 9, what is -3313 + 333?
-2870
In base 9, what is 464835 + 0?
464835
In base 6, what is 542 + 1245?
2231
In base 3, what is 2 - -